 37131 is divided by 422?
417
Calculate the remainder when 11510 is divided by 29.
26
Calculate the remainder when 140819 is divided by 132.
107
What is the remainder when 66883 is divided by 736?
643
Calculate the remainder when 112370 is divided by 171.
23
What is the remainder when 15792 is divided by 15784?
8
Calculate the remainder when 8407 is divided by 8275.
132
What is the remainder when 141257 is divided by 218?
211
Calculate the remainder when 7538613 is divided by 27.
24
Calculate the remainder when 2558 is divided by 1180.
198
What is the remainder when 37514 is divided by 18757?
0
Calculate the remainder when 42210 is divided by 67.
0
Calculate the remainder when 3080 is divided by 8.
0
Calculate the remainder when 12595 is divided by 176.
99
What is the remainder when 3452851 is divided by 484?
479
Calculate the remainder when 3529 is divided by 254.
227
What is the remainder when 3951 is divided by 421?
162
What is the remainder when 1944 is divided by 1937?
7
What is the remainder when 434 is divided by 21?
14
Calculate the remainder when 93292 is divided by 142.
140
Calculate the remainder when 452460 is divided by 53.
52
Calculate the remainder when 38931 is divided by 147.
123
What is the remainder when 103834 is divided by 25955?
14
Calculate the remainder when 7150 is divided by 829.
518
Calculate the remainder when 20394 is divided by 108.
90
What is the remainder when 1356 is divided by 1092?
264
What is the remainder when 2783 is divided by 524?
163
Calculate the remainder when 59981 is divided by 78.
77
Calculate the remainder when 6662 is divided by 667.
659
What is the remainder when 83307 is divided by 164?
159
What is the remainder when 763098 is divided by 65?
63
Calculate the remainder when 49685 is divided by 49669.
16
What is the remainder when 4472 is divided by 116?
64
Calculate the remainder when 2400 is divided by 131.
42
What is the remainder when 8289 is divided by 920?
9
What is the remainder when 9175 is divided by 177?
148
What is the remainder when 48276 is divided by 24132?
12
Calculate the remainder when 4985 is divided by 29.
26
What is the remainder when 2718 is divided by 91?
79
What is the remainder when 82462 is divided by 82446?
16
Calculate the remainder when 20453 is divided by 2910.
83
What is the remainder when 39086 is divided by 35?
26
What is the remainder when 8183 is divided by 1019?
31
Calculate the remainder when 8673 is divided by 600.
273
Calculate the remainder when 1123 is divided by 161.
157
What is the remainder when 406903 is divided by 297?
13
Calculate the remainder when 68739 is divided by 7.
6
Calculate the remainder when 63204 is divided by 245.
239
What is the remainder when 68309 is divided by 128?
85
What is the remainder when 9570 is divided by 526?
102
What is the remainder when 45743 is divided by 551?
10
What is the remainder when 297642 is divided by 74404?
26
Calculate the remainder when 545 is divided by 206.
133
What is the remainder when 4902 is divided by 4902?
0
What is the remainder when 1038902 is divided by 53?
49
What is the remainder when 15912 is divided by 1767?
9
Calculate the remainder when 92984 is divided by 312.
8
What is the remainder when 79414 is divided by 191?
149
Calculate the remainder when 56266 is divided by 28130.
6
Calculate the remainder when 7391 is divided by 528.
527
Calculate the remainder when 64386 is divided by 805.
791
What is the remainder when 764 is divided by 178?
52
Calculate the remainder when 70486 is divided by 70418.
68
Calculate the remainder when 3906 is divided by 220.
166
What is the remainder when 3190 is divided by 395?
30
Calculate the remainder when 5077 is divided by 78.
7
What is the remainder when 25256 is divided by 18?
2
What is the remainder when 52320 is divided by 513?
507
Calculate the remainder when 586773 is divided by 19.
15
Calculate the remainder when 3530 is divided by 881.
6
What is the remainder when 592436 is divided by 9?
2
Calculate the remainder when 1174859 is divided by 36.
35
Calculate the remainder when 4770 is divided by 159.
0
Calculate the remainder when 10339 is divided by 1477.
0
What is the remainder when 66615 is divided by 383?
356
What is the remainder when 2032 is divided by 306?
196
Calculate the remainder when 4414 is divided by 246.
232
What is the remainder when 3769 is divided by 1865?
39
Calculate the remainder when 27923 is divided by 5190.
1973
Calculate the remainder when 10762 is divided by 70.
52
Calculate the remainder when 26655 is divided by 6.
3
What is the remainder when 116230 is divided by 453?
262
What is the remainder when 7242134 is divided by 15?
14
Calculate the remainder when 5145 is divided by 91.
49
Calculate the remainder when 101205 is divided by 11242.
27
Calculate the remainder when 90859 is divided by 110.
109
Calculate the remainder when 2833 is divided by 77.
61
Calculate the remainder when 114598 is divided by 30.
28
What is the remainder when 247894 is divided by 24?
22
Calculate the remainder when 41597 is divided by 849.
845
What is the remainder when 7566 is divided by 1867?
98
Calculate the remainder when 395061 is divided by 108.
105
Calculate the remainder when 9988 is divided by 458.
370
What is the remainder when 12063 is divided by 2008?
15
What is the remainder when 20959 is divided by 599?
593
Calculate the remainder when 6197 is divided by 9.
5
Calculate the remainder when 38776 is divided by 5537.
17
Calculate the remainder when 223692 is divided by 203.
189
Calculate the remainder when 1824 is divided by 344.
104
Calculate the remainder when 3286 is divided by 1122.
1042
What is the remainder when 6656 is divided by 238?
230
What is the remainder when 23215 is divided by 10?
5
What is the remainder when 1308557 is divided by 145394?
11
Calculate the remainder when 2209 is divided by 508.
177
What is the remainder when 13946 is divided by 6966?
14
What is the remainder when 951689 is divided by 1217?
1212
What is the remainder when 4369 is divided by 1414?
127
What is the remainder when 7300 is divided by 191?
42
What is the remainder when 34457 is divided by 33?
5
What is the remainder when 1415733 is divided by 477?
474
Calculate the remainder when 74297 is divided by 16.
9
What is the remainder when 9114 is divided by 2734?
912
What is the remainder when 205101 is divided by 98?
85
Calculate the remainder when 6722 is divided by 6632.
90
What is the remainder when 84238 is divided by 205?
188
Calculate the remainder when 9658 is divided by 79.
20
What is the remainder when 36014 is divided by 36?
14
Calculate the remainder when 6434 is divided by 916.
22
Calculate the remainder when 8542 is divided by 38.
30
What is the remainder when 25330 is divided by 27?
4
What is the remainder when 395916 is divided by 112?
108
What is the remainder when 19037 is divided by 17?
14
What is the remainder when 86489 is divided by 28?
25
What is the remainder when 12985 is divided by 3211?
141
What is the remainder when 33622 is divided by 590?
582
What is the remainder when 336973 is divided by 42118?
29
Calculate the remainder when 3757 is divided by 532.
33
What is the remainder when 79946 is divided by 6?
2
What is the remainder when 14562 is divided by 504?
450
Calculate the remainder when 1077487 is divided by 107.
104
What is the remainder when 824756 is divided by 824745?
11
Calculate the remainder when 4042 is divided by 99.
82
Calculate the remainder when 1645 is divided by 138.
127
What is the remainder when 24205 is divided by 372?
25
Calculate the remainder when 1660 is divided by 265.
70
What is the remainder when 1589 is divided by 8?
5
What is the remainder when 29915 is divided by 14934?
47
What is the remainder when 19498 is divided by 3896?
18
What is the remainder when 2919 is divided by 1417?
85
What is the remainder when 4482 is divided by 238?
198
Calculate the remainder when 94918 is divided by 1032.
1006
What is the remainder when 9878 is divided by 355?
293
What is the remainder when 866 is divided by 167?
31
Calculate the remainder when 19206 is divided by 81.
9
Calculate the remainder when 14170 is divided by 15.
10
Calculate the remainder when 29866 is divided by 77.
67
What is the remainder when 919 is di